ommon factor of y and n?
2
Suppose 0 = -3*p + 5*s + 102, 0 = -5*p + 3*s - 8*s + 170. What is the highest common divisor of p and 17?
17
Let s = 69 + -58. Calculate the highest common factor of 22 and s.
11
Suppose 0 = -3*w + 2*w + 99. Let c(v) = v. Let x be c(0). Suppose 3*u + 59 = 2*k + 2*k, -u - 5 = x. What is the greatest common divisor of w and k?
11
Suppose -16 = 2*a - 3*a. Suppose -29 = -4*z - 4*d - 5, -5*z = 2*d - 15. Let n be (-6)/(-3) - -2*z. What is the greatest common divisor of a and n?
4
Suppose -q + 28 = 3*o, -2*q - 36 = -3*o + q. What is the highest common factor of 80 and o?
10
Let c = 640 - -10. Let v be c/8 + (-10)/40. Calculate the highest common divisor of 9 and v.
9
Let q = 101 - 11. Let k be (6/9)/(4/q). Let m be (-4)/(-2) - (-2 + 1). What is the highest common factor of k and m?
3
Let a(r) = 2*r**2 + 3*r - 7. Suppose -3*h - 12 = -7*h. Let q be a(h). Calculate the highest common divisor of q and 10.
10
Let a = -4 - -7. Let n(w) = 5*w**2 + 5*w**3 - 6*w**3 + 2*w - 2*w**2 - 4. Let k be n(a). What is the highest common factor of 5 and k?
1
Let w(q) = q**3 + 6*q**2 + q - 1. Let j be w(-4). Let a = 1 + j. Suppose a = -u + 2*u. What is the highest common divisor of 7 and u?
7
Let j = 8 + -5. Suppose 0 = -4*o + j*o + 10. Calculate the highest common divisor of o and 4.
2
Let o(q) = 8*q. Let j be o(3). Suppose 4 = -m, -5*d + j = -d - 5*m. What is the greatest common divisor of d and 1?
1
Let b = 193 + -74. Calculate the greatest common divisor of b and 17.
17
Suppose -57 = 2*u - 221. Calculate the highest common divisor of 41 and u.
41
Let p(d) = d + 17. Let i be p(9). What is the highest common divisor of 234 and i?
26
Suppose 6 = u + 3. Suppose u*r - 48 = -r. Suppose 0*j = 3*j - r. What is the highest common factor of 1 and j?
1
Suppose -4*b = -5*b. Suppose 5*j - 6*j + 8 = b. Let t(g) = 9*g - 4. Let p be t(4). What is the highest common factor of j and p?
8
Suppose 5*q - 6 + 21 = 0. Let m be (1 - (q - -8))*-8. Calculate the greatest common divisor of 4 and m.
4
Suppose 2*x - 13 = -1. What is the highest common divisor of 4 and x?
2
Suppose -52 = -0*u + 3*u - 5*a, -5*u - 96 = a. Let i be u*(3 + (1 - 7)). Calculate the highest common divisor of 19 and i.
19
Let x be (-3)/(3/(-4))*1. Let f be -4 + 4 + (1 - -199). Suppose 0 = 3*i - 8*i + f. Calculate the greatest common factor of x and i.
4
Let v = 347 - 233. Suppose 0 = -t - t - v. Let c = -41 - t. Calculate the greatest common factor of c and 16.
16
Suppose -2228 + 296 = -7*q. Calculate the highest common factor of 23 and q.
23
Let r = 66 + 46. What is the highest common divisor of 14 and r?
14
Let d(l) be the third derivative of l**4/24 - l**3/3 + l**2. Let f be d(-7). Let q be 3/f + 4/3. Calculate the highest common factor of 7 and q.
1
Let u(b) be the third derivative of 7*b**5/60 + 2*b**2. Let x be u(-3). Let q = x - 19. What is the greatest common factor of 11 and q?
11
Let y(g) = g**2 - 14*g + 42. Let z be y(4). What is the highest common factor of z and 16?
2
Let l be (-920)/(-22) + (-476)/(-77) + -6. Calculate the highest common factor of l and 21.
21
Let p = 6 + 50. What is the highest common factor of 14 and p?
14
Suppose -12*f + 24 = -4*f. What is the greatest common factor of f and 12?
3
Let m = 9 + -6. Let p be m/((-12)/2)*-38. What is the highest common factor of p and 152?
19
Suppose 0 = b + 5*s - 16, 3*s = -4*b + 2*s + 64. What is the greatest common divisor of 144 and b?
16
Let l = 20 + -11. Let s(w) be the first derivative of 19*w**3/3 - w**2 + w - 1. Let x be s(-2). Calculate the greatest common divisor of x and l.
9
Let o be 2/(-5) - 4697/(-55). What is the highest common factor of o and 17?
17
Let y = -125 - -237. Let s(c) = 3*c**2 + 4*c - 1. Let z be s(-3). What is the highest common divisor of y and z?
14
Let o(q) be the third derivative of -q**4/8 + 5*q**3/6 - 19*q**2. Let a be (-8)/2*5/4. Let p be o(a). Calculate the greatest common divisor of 20 and p.
20
Let n = 4 - -2. Calculate the greatest common divisor of 2 and n.
2
Suppose -83 = -5*o + 4*a, 5*o - 35 = 3*o + a. What is the greatest common factor of 171 and o?
19
Let m(g) = g - 15. Let n be m(12). Suppose 4*v + 0*v - 20 = 0. Let x = v - n. Calculate the greatest common factor of 32 and x.
8
Let c(r) = 3*r**2 + r - 2. Let g be c(-2). Let j be 5/10*15*g. What is the greatest common factor of j and 24?
12
Suppose 3*z = -4 - 8, -3*t + 14 = 4*z. Let u = -3 + t. What is the greatest common divisor of u and 77?
7
Suppose 4*m = 2*r - 242, -4*r - 4*m + 242 = -2*r. Calculate the highest common factor of r and 11.
11
Suppose 2*y = 5*y - 9. Suppose -f = y*f - 400. Let b be (-6)/12*(-22 + 2). What is the highest common factor of f and b?
10
Let f(o) = -3*o - 8. Suppose 0*y + 3*y = -18. Let l be f(y). Calculate the highest common factor of 10 and l.
10
Let s(q) = 7*q - 1. Let z(o) = -8*o. Let d(u) = -7*s(u) - 6*z(u). Let m be d(5). Let b = 14 - 4. What is the highest common factor of b and m?
2
Suppose 5*q = -b + 326, -4*q + b + 3*b + 256 = 0. Calculate the greatest common divisor of q and 13.
13
Suppose 0 = 62*o - 57*o - 1400. What is the highest common factor of 28 and o?
28
Let t(q) = q**2 - 5*q - 4. Let i be t(7). Let l = i + -7. Suppose -135 = -5*w - 0*w. Calculate the highest common factor of l and w.
3
Let d(f) = -12*f**3 + f**2 + 2*f + 1. Let t be d(-1). What is the greatest common divisor of 60 and t?
12
Let k be -1*(-10 - (-2 - -3)). Let a = 15 + -11. Let d = k - a. Calculate the highest common divisor of d and 63.
7
Let l = 7 - 4. Suppose l*s = s + 104. Calculate the highest common factor of 13 and s.
13
Let r(k) = -k - 9. Suppose -2*h - 4*n - 41 + 7 = 0, -4*n + 35 = -h. Let j = h + 11. Let f be r(j). What is the highest common factor of 24 and f?
3
Let m be (264/(-20) + 14)/(1/190). Let l be ((-6)/4)/((-2)/(-12)). Let w = l + 28. What is the highest common factor of m and w?
19
Suppose -5*a - j = -376, -3*a - 2*a = -j - 374. Let v = 49 - 17. Suppose -u - 2 = -v. Calculate the greatest common factor of u and a.
15
Let l be 4 + (-1 - 0) - -15. Suppose -5*v + l = -32. What is the greatest common factor of v and 10?
10
Suppose 0 = 5*w + 4*g - 69, -5*w - 2*g = -4*g - 63. Suppose 17*v = 6*v + 429. Calculate the highest common divisor of v and w.
13
Let t(l) = l**2 - 2. Let f be t(-2). Calculate the highest common factor of 16 and f.
2
Let s be (32/(-6) + (-20)/(-10))*-90. What is the greatest common divisor of 12 and s?
12
Let y(k) = 2*k**2 - 4*k - 10. Let u be y(7). What is the greatest common divisor of 24 and u?
12
Let b(m) = -m**3 - 6*m**2 - 9*m + 6. Let h be b(-6). Let f be ((-12)/7)/((-4)/28). Calculate the greatest common divisor of h and f.
12
Let f(g) = g**3 - 5*g**2 - 4*g - 4. Let r be f(6). What is the greatest common factor of r and 88?
8
Suppose -2*b + 8 = -b. Let c(p) be the first derivative of p**4/4 - p**3/3 + p + 1. Let r be c(0). What is the greatest common divisor of r and b?
1
Let w be 1/4 - (-218)/(-8). Let d = -12 - w. Let a = 14 - -106. Calculate the highest common divisor of d and a.
15
Let y(n) = 15*n**2 - 4*n - 3. Let j be y(-2). Calculate the greatest common divisor of 26 and j.
13
Suppose -5*a + 26 = -114. What is the highest common divisor of a and 4?
4
Let y = 23 - 9. Let r = -195 + 216. Calculate the highest common factor of r and y.
7
Suppose 2*t - 19 - 47 = 0. Suppose 7 - 1 = 2*q. What is the highest common divisor of t and q?
3
Suppose -y - 449 = -v, v - 453 = y - 4*y. What is the highest common divisor of 50 and v?
50
Suppose 4*a = 3*u - 71, a + 13 = u - 4. Let x = -12 - a. Let p = x + -3. What is the highest common divisor of p and 35?
5
Suppose 5*t - 15 = 5. Let k be (-2 + -4)/(t/(-4)). What is the highest common factor of k and 24?
6
Let a = -39 - -69. What is the highest common divisor of 30 and a?
30
Let x = -4 + 2. Let w = x + -3. Let l be (-1 - -3)*(-4 - w). Calculate the highest common divisor of 14 and l.
2
Suppose 2*p + p - 6 = 0. Suppose -3*q - p = -8. Calculate the greatest common divisor of 18 and q.
2
Suppose 5*l - 3*k - 17 = 0, 4*l - 22 = k - 7. Let v = l + 16. Calculate the highest common factor of v and 4.
4
Suppose 0 = -6*a + 2*a + 20, x = a - 3. Suppose 84 = x*d - 56. Calculate the highest common divisor of d and 10.
10
Let s = -1 + 2. Let r(o) = -4*